 7
Let l(x) = -3*x**3 - 13*x**2 + 11*x - 10. List the prime factors of l(-9).
5, 41
Suppose -3*k + 4*a = 3*a - 488, 2*k + a - 317 = 0. List the prime factors of k.
7, 23
Let d(h) = -35*h + 3. Let r be d(-3). Suppose 22*n = 20*n + r. List the prime factors of n.
2, 3
Suppose -4*n = 5*j - 19 - 0, -2*j - 2*n + 8 = 0. Suppose j*b + 13 + 41 = 0. Let h = b + 32. List the prime factors of h.
2, 7
Let p(x) = 942*x**2 + 12*x + 13. What are the prime factors of p(-1)?
23, 41
Suppose -4*u - 103 = -5*u. Suppose -u = -5*i + 4*i. List the prime factors of i.
103
Suppose -3*n + p - 13 = -6*n, 3*n - p = 17. Suppose -t - 5*l + 34 = 0, 0 = n*t - 3*l - 133 - 65. What are the prime factors of t?
3, 13
Let m be -175 - (10/2 + 0). Let n = m + 406. What are the prime factors of n?
2, 113
What are the prime factors of 817 + 0 - (-102)/(-34)?
2, 11, 37
Let s be -6*(-4)/(-8) - -13. Let g be -3 - 2/(-4)*s. Suppose 0*l = -g*l + 60. What are the prime factors of l?
2, 3, 5
Let f(r) = 22*r**2 - 18*r - 5. List the prime factors of f(5).
5, 7, 13
Let w be -1 - 1210*4/8. What are the prime factors of (-16)/40 - w/15?
2, 5
Let j(g) = 281*g + 59. What are the prime factors of j(3)?
2, 11, 41
Let b(j) = -8*j + 1112. List the prime factors of b(0).
2, 139
Let j(g) = -g**2 - 10*g - 4. Let k be j(-8). Suppose -6*m + 42 = k. List the prime factors of m.
5
Let z = -76 - -22. Let v = z - -94. Let d = v + -20. What are the prime factors of d?
2, 5
Let p(s) = s + 8. Let g be p(-6). Suppose 0 = -5*d + 6*d - g. What are the prime factors of d?
2
Suppose -9*v - 723 = -10*v. List the prime factors of v.
3, 241
Suppose 507 = -3*u - 2*u + g, -3*u + 3*g = 297. Let c = -96 - u. List the prime factors of c.
2, 3
Let i = 61 + -57. Suppose -6*m - 4*x = -m - 472, -i*m + x = -386. List the prime factors of m.
2, 3
Let c(p) be the second derivative of p**5/20 + 7*p**4/6 - p**3/3 + 13*p**2/2 - 6*p. What are the prime factors of c(-13)?
2, 13
Let d(l) = -4*l - 6*l + 22 - 4*l + 2*l**2 - 4*l. What are the prime factors of d(11)?
2, 3, 11
Let f be 1 - (19 + -3)/(-4). Suppose 3*v = 3*m + 174, f*m + 69 = 4*v - 161. List the prime factors of v.
2, 3, 5
Suppose -3*b = 3*n - 8*n - 18, 1 = -b + 4*n. Let f = -4 + b. Suppose -2*u = -f*u + 60. What are the prime factors of u?
2, 3
Let s be 12753/195 - 6/(-10). Suppose -4*d + 3*d + 57 = 2*r, 4*d + 3*r = 208. Suppose -5*w + s + d = 0. What are the prime factors of w?
23
Let a be (-1 + 0)*(0 + 1 + -1). Suppose 8*j + 262 - 1206 = a. What are the prime factors of j?
2, 59
List the prime factors of 2 - 9 - (25 - 2547).
5, 503
Suppose -8*a + 681 = 73. Suppose -2*q + 94 = 4*x, 2*x - 7*x = -2*q + a. What are the prime factors of q?
43
Suppose -10*a + 932 = -6*a + 3*v, 4*a - 928 = -2*v. What are the prime factors of a?
2, 5, 23
Let g be 342/63 - (-3)/(-7). Suppose 5*t - 7 = g*l - 67, 3*l - 56 = -t. Suppose -2*s - l = -63. What are the prime factors of s?
23
Suppose -x + 2*x = 1. Let c be 1*0/(-4 + x). Suppose 2*v + 4*t + 6 = 0, c*v - 4*t + 8 = 4*v. List the prime factors of v.
7
Let t = -16 - -17. Let r(k) = 2*k**2 - k + 1. Let s be r(t). Suppose l = -g + s, 2*g + 3*g = l + 28. What are the prime factors of g?
5
Suppose 0 = g - 76*l + 81*l - 117, -l + 323 = 3*g. List the prime factors of g.
107
Let d be 1/(0 + 1/16). What are the prime factors of 44/(-3)*(-24)/d?
2, 11
Let q(o) = o**3 - 8*o**2 + 8*o - 5. Let l be q(7). Let v be (-4)/l*(-40)/16. Suppose -v*g + 91 - 16 = 0. List the prime factors of g.
3, 5
Suppose 0 = 5*q - 5*d - 245, -3*q - 50 = -4*q + 2*d. Suppose q = 2*h - 2*a, h - 4*a - 6 - 3 = 0. List the prime factors of h.
29
Let a = 33 - 28. Suppose 2*k - 6*r = -3*r + 55, -k - a*r + 34 = 0. What are the prime factors of k?
29
Let v = -1947 - -4414. List the prime factors of v.
2467
Let d(a) = -78*a - 182. List the prime factors of d(-12).
2, 13, 29
Let h be -2 - -11 - (1 - -3). Suppose 3*l + h*o + 1100 = -2*l, 3*o - 1100 = 5*l. What are the prime factors of (-6)/27 + l/(-18)?
2, 3
Let h(p) = 21*p - 12*p - 8*p - 32. Let c be h(0). List the prime factors of (-1)/(-4) + (-1112)/c.
5, 7
Suppose 0 = -2*f + 5*g - 12 + 1, 2*f - g = 9. Let s = f + -5. Suppose -48 = -4*j + s*j. List the prime factors of j.
2, 3
Let g = 18 - 11. Suppose -6*v + g = 601. Let s = -56 - v. List the prime factors of s.
43
Suppose 4*j + 0*s - 9 = -3*s, 4*j = 3*s - 9. Let y(r) = r**3 + r**2 - r + 69. What are the prime factors of y(j)?
3, 23
Let r be (3 - (-2 + 4))*20. Let k be 70/(-22) - r/(-110). What are the prime factors of 15/((-4)/12*k)?
3, 5
Let q = -88 - -94. What are the prime factors of ((-33)/q - 3)/((-4)/72)?
3, 17
Let p = 118 - 112. Suppose p*i - 79 - 35 = 0. What are the prime factors of i?
19
Let l = 319 - -424. List the prime factors of l.
743
Let b = 17939 - 7136. List the prime factors of b/429 - (1 + 18/(-22)).
5
Let d = 79 + -76. Suppose 2*n + 2*a - 500 = -2*n, 0 = -d*n + 3*a + 357. List the prime factors of n.
3, 41
Let t be ((-14)/5)/(6/210). Let p = 164 + t. List the prime factors of p.
2, 3, 11
Suppose 0 = -21*d + 33*d - 1464. List the prime factors of d.
2, 61
Let u = -3 + 26. Let l(t) = t**3 - t + 4. Let i be l(0). Suppose g - 5*a + 29 = 3*g, u = 5*g - i*a. List the prime factors of g.
7
Suppose 0 = 3*t - o - 9149, -t + 28*o - 26*o = -3048. What are the prime factors of t?
2, 5, 61
Let b(u) = -64*u + 72. List the prime factors of b(-10).
2, 89
Let j = -15 + -64. Let h = j + 115. List the prime factors of h.
2, 3
List the prime factors of 160 - 159 - (-1 - (-89)/(-1)).
7, 13
Let w(x) = -x**3 - 10*x**2 - 16*x + 3. List the prime factors of w(-8).
3
Suppose 0 = 4*i + 5 + 11, 4*c + 2*i = -8. Let x = 200 - 120. Suppose c*w + x = 5*w. What are the prime factors of w?
2
What are the prime factors of (-40)/(-32)*212 - (-2 + -1)?
2, 67
Let a = -4605 + 7791. What are the prime factors of a?
2, 3, 59
Let x(c) = -5*c + 12. Let o be x(3). What are the prime factors of ((-42)/18 - -2)/(o/1854)?
2, 103
Suppose 49*k + 60129 = 66*k. What are the prime factors of k?
3, 131
Let j = 5 - 5. Suppose j = a - 6*a - 65. Let z = 30 + a. What are the prime factors of z?
17
Suppose -24 = -3*h - 3*z, -2*h - 26 = -6*h + 2*z. Suppose -155 = -h*v + 97. Suppose v - 168 = -3*d. What are the prime factors of d?
2, 11
Suppose 4*s = -3*w + 2400, -2*s + 681 = w - 117. List the prime factors of w.
2, 3, 67
Let w = 579 - 321. Suppose r + w = 4*r. List the prime factors of r.
2, 43
Suppose 10*w - 1052 - 2928 = 0. What are the prime factors of (-1 - w)*(-30)/45?
2, 7, 19
Let s = -55 + 52. Let r be ((-16)/(-6))/((-8)/36). What are the prime factors of 8/r*s - -39?
41
Let m(k) = -k**2 + 17*k + 30. List the prime factors of m(16).
2, 23
Suppose 3*f - 4 + 1 = 0. Let y be f/(-5) - (-231)/5. Suppose -5*i + 0*i + y = -2*a, -4*i + 32 = -4*a. What are the prime factors of i?
2, 5
Let l(m) = 26*m**2 - m + 1. Let z be 6*(0 + (-2)/(-6)). What are the prime factors of l(z)?
103
Let i be ((-1)/(-2))/(2/196). Let s be (2 - (3 + (-292)/(-12)))*-3. Let t = s - i. What are the prime factors of t?
3
Let j be (-1 + 4)*(3 + 4/(-3)). Suppose -j*w + 349 = -951. List the prime factors of w.
2, 5, 13
Let y(k) = -28*k + 4. Let x be y(-4). Suppose -294*a = -286*a. Suppose 0 = -4*g - a*g - 4*r + x, g + 2*r - 30 = 0. What are the prime factors of g?
2, 7
Let f(t) = 2*t**3 + t**2 - 2*t + 3. Let s be f(-3). Let a be 2/8 - s/(-16). List the prime factors of (a/3)/((-6)/171).
19
Let u = -309 - -315. What are the prime factors of u?
2, 3
Suppose 0 = 10*z - 308 - 1322. Suppose 702 - z = 11*m. List the prime factors of m.
7
Suppose 0 = -2*w + 3*g - g + 14, -55 = -5*w + g. Let n(q) = -2*q**2 - 2*q**3 + 7 + 3*q**3 + 2*q - 10*q**2. What are the prime factors of n(w)?
31
Let r = 70 + -48. Let n be 1/(-3) + 4/3. Let f = n + r. List the prime factors of f.
23
Suppose 0 = 9*v - 3165 - 2199. What are the prime factors of v?
2, 149
Let u = 54 - 33. Let q(s) = 5*s + u + 4*s - 7*s. What are the prime factors of q(17)?
5, 11
Let j(v) be the second derivative of -v**3/6 - v**2/2 + 2*v. Let r be j(-5). Suppose -r*p + 53 = -75. List the prime factors of p.
2
What are the prime factors of 222/4*((-333)/(-27) + -5)?
11, 37
Suppose 0 = 943*d - 954*d + 20735. List the prime factors of d.
5, 13, 29
Suppose -12671 = 62*f - 162277. List the prime factors of f.
19, 127